rue
Suppose 0 = 4*x - 8, 5*x = 56*v - 51*v - 10. Suppose -v*l = -5*d - 312, -d = 3*l - 2*d - 245. Is l a composite number?
False
Suppose -956 = -h - y, 0 = -0*h - 4*h - 5*y + 3825. Let z = 475 - 469. Suppose 11*m - z*m - h = 0. Is m prime?
True
Suppose 0 = -4*s + 3*r + 64, r - 27 = -3*s - 2*r. Suppose 0 = s*f - 10861 - 3569. Let y = 3689 - f. Is y a composite number?
False
Let d = 57 - 55. Let t be ((772 - -4)/d)/1. Let b = t - -1815. Is b composite?
False
Suppose -3*b = 2*q + 4726, 8*b - 4716 = 11*b - 3*q. Let g = -229 - -2476. Let i = g + b. Is i composite?
False
Let g(h) = -h + 3. Suppose 2*x = -5*d - 3*x + 45, -4*d + 4 = -4*x. Let n be g(d). Is n/(-5) + 3603/5 a composite number?
True
Let q = 7952 - -27209. Is q prime?
False
Let v = -10607 + 86094. Suppose -3*c + v = t, 14*t - 16*t + 125811 = 5*c. Is c prime?
True
Let l = 932 - 593. Suppose -m + l = 6*t - 2*t, 687 = 2*m - t. Suppose s - 5*o = 5*s - 465, -3*s + m = -2*o. Is s composite?
True
Suppose -8*v = 168*v - 185720656. Is v composite?
False
Suppose 4*t - 1545 = 19563. Suppose 2*h - 3*h = -3430. Let u = t - h. Is u a prime number?
True
Suppose 6*x = 2*d + 35236, -x + 3723 + 2152 = 2*d. Is x prime?
False
Suppose -2544*y - 2223894 = -2550*y. Is y a composite number?
True
Suppose 4*w - 8*w = 4, -5*n + 392333 = 2*w. Is n composite?
False
Let w(o) = 18 + 15*o**2 + o - 4*o + 19*o**2 - 35*o**2. Let c be w(3). Is (-22)/(-44) + (253/2 - c) composite?
False
Let b = 1980 + 199. Let g = 4673 - b. Let r = 3735 - g. Is r a prime number?
False
Is ((-2)/20 - 6683692*77/(-440)) + -5 composite?
True
Let x be 10/2 + (-39 - -32). Suppose 2*m = -3*m - 5. Is (-35)/((x/8)/(m/(-4))) composite?
True
Let o be (-5)/3*-3 + -1. Suppose 2*g = -2*f + 3 + 1, -2*f = -3*g - o. Is (g - 131/(-4))/(13/260) a prime number?
False
Suppose 18*u - 260951 = -54815. Let k = u + -3943. Is k composite?
True
Suppose 5*z + 293 = -7*q + 8*q, -2*q + 5*z = -561. Suppose 0 = 283*r - q*r - 133305. Is r composite?
False
Let v = -114 + 117. Suppose -2*m - v*d - 2 - 2 = 0, -3*m - 6 = -3*d. Is (-14847)/(-6) - 5/m prime?
True
Let d(t) = t**2 + 4*t - 3. Let f be d(-5). Suppose 2*n = -n + f*n. Suppose n = -4*q + 1288 + 236. Is q composite?
True
Let l = 75230 + -35497. Is l prime?
True
Is (-167)/((42/6881)/(-6)) a composite number?
True
Let p = 95 + -86. Suppose 0 = p*k - 345 - 1374. Is k a composite number?
False
Suppose 9*i - 15849 - 801 = 0. Let j = i - -2223. Is j a prime number?
True
Let d(s) = 5087*s - 27. Let j be d(1). Suppose 3*o - m - j = -6*m, -m - 5054 = -3*o. Is o a composite number?
True
Suppose 200 = 2*h + y, 3*y - 5*y = 5*h - 499. Suppose h*l - 42847 = 92*l. Is l composite?
False
Let o = 316 - 311. Suppose -85936 = -21*j + o*j. Is j composite?
True
Let z = 177280 + 148594. Is z a prime number?
False
Let f(c) = c**2 + 12*c - 26. Let o be f(-14). Suppose -11 = -o*v - 3. Suppose -v*b - 147 = -5*i + 8, 0 = -2*i + 5*b + 45. Is i a composite number?
True
Suppose 41 = -2*d + 131. Suppose 6*s - d = s. Is (1977/s)/((-3)/(-9)) a prime number?
True
Is (-7988976)/576*(-4 - 0) a composite number?
True
Suppose -4*n = -4*d + 188209 - 13429, -n = -4*d + 174786. Is d prime?
False
Let g(z) = 10373*z**2 + 205*z + 1315. Is g(-7) a prime number?
False
Suppose -6987 - 7221 = -8*i. Suppose 4*b + 2*s = 787 + 2757, 2*b - i = s. Is b composite?
False
Let b = -2657 - 22929. Let r = -14677 - b. Is r prime?
True
Suppose -3*x - 3*o - 222 = -69, -3*x - 133 = -o. Let v be (-1)/((-8)/(-4))*x. Let n = v + 236. Is n a prime number?
False
Let z be (0 + 423/15)/(-1)*(0 - -5). Let w = 360 + -640. Let k = z - w. Is k prime?
True
Let l = -226 - -228. Is (-24689)/7*1*(l + -3) composite?
False
Suppose -2 - 5 = 2*m - 3*t, 5*t = -5*m - 55. Let z be (6/m)/(3*9/(-85752)). Let c = z + -1193. Is c a composite number?
True
Let z be (6/(-9))/((-10)/(-15)). Let y = 0 + -4. Is (y - -1) + z + 18 a composite number?
True
Suppose 36 = -4*s + j, -s + j - 7 - 2 = 0. Let k(x) = 2*x**2 + 19*x + 15. Let t be k(s). Suppose -t*h - 673 + 3583 = 0. Is h a prime number?
False
Let j = 8469 - 736. Let y = -690 + j. Is y composite?
False
Is ((-40216)/(-12))/((1/9)/((-57)/(-342))) a prime number?
False
Let w(i) = 214*i**3 + 13*i**2 + 94*i - 566. Is w(7) a prime number?
True
Let o = -5396 - -6438. Is o prime?
False
Let j = -8 - 2. Is (-178*(4 - (-35)/j))/(-1) a composite number?
False
Suppose v - 1442 = -n, n - 2957 = -2*v - 75. Suppose 0 = 3*m + 417 - v. Let g = m - -822. Is g a prime number?
True
Let x(y) be the first derivative of 5*y**3/3 + 15*y**2/2 + 15*y + 15. Is x(13) prime?
False
Is 72/(-324) - 1694337/(-27) a composite number?
False
Suppose -4*y + 3*k + 25073 + 2321 = 0, -2*k - 4 = 0. Is y a composite number?
True
Let l(h) = -4*h**3 - 14*h**2 + 157*h - 26. Is l(-33) a composite number?
True
Let m = -376 + 105. Let y be ((-2)/(-6))/(1/(-411)). Let a = y - m. Is a a composite number?
True
Let h = -362515 + 976202. Is h a composite number?
True
Suppose -5*i + 2*c + 86 = 0, 0*i - 44 = -2*i + 4*c. Let r(g) = g**3 + 4*g**2 - g + 4. Let k be r(-4). Is 2/k - (-13580)/i composite?
True
Is (-23 + 107092)*(1 + 0/(-2)) a composite number?
False
Let b(v) = -70*v**3 + 1. Let g(p) = -p**2 - 3*p - 1. Suppose -2*z = -4 + 10. Let j be g(z). Is b(j) composite?
False
Let k be 2/(15/10 - 1). Is -2 + ((-139426)/(-5) - k/20) prime?
True
Let o(j) = -7*j**2 - 6*j - 4. Let t(d) = 3*d**2 - 5 - 11*d - 17*d**2 - 3. Let z(r) = -7*o(r) + 3*t(r). Is z(-6) prime?
False
Let c(l) = -5470*l**3 - l**2 - l + 1. Let s = -308 - -307. Is c(s) a composite number?
False
Let r(u) = -66233*u - 2468. Is r(-11) a prime number?
False
Suppose y + 7 + 5 = 3*i, y + 5*i = 28. Suppose 2*s - n = s - 6, y*s - 5*n + 24 = 0. Let d(a) = -9*a**3 - 5*a**2 + 5. Is d(s) a prime number?
False
Let x be 5/(-40) - 135026/(-16). Is (45/(-27) - -1)/((-2)/x) a prime number?
False
Suppose f = -0*f - 40. Suppose -3643 - 2011 = 22*k. Let s = f - k. Is s prime?
False
Suppose -3*u + 5*z + 59813 + 110483 = 0, -2*u + 2*z = -113532. Is u composite?
False
Let x(o) = o**2 + 25*o + 3. Let t be x(-25). Suppose 197 = 3*u - d - 860, u = -t*d + 359. Is u a prime number?
True
Let q(l) = 5*l**2 + l + 1. Let s be q(-1). Suppose -s*i + 2*y = y - 3139, -i - y + 629 = 0. Suppose 0 = 5*d - i - 17. Is d a composite number?
True
Let j(c) = -90*c + 551. Is j(-15) prime?
True
Let l(a) = 365*a**2 + 60*a - 48. Is l(13) a prime number?
True
Let i(t) = -13*t**3 - 10*t**2 + 47*t - 9. Is i(-22) composite?
False
Suppose 5*y + 8129 = -6231. Let c = -1272 - y. Suppose -5*o = 2*x - 1488, 625 = 3*x + 4*o - c. Is x a prime number?
True
Suppose 0 = 13*b - 15*b - 4290. Let x = 659 + b. Is (x/(-4))/((-10)/(-20)) a composite number?
False
Suppose 0 = 10*i + i + 262081 - 990512. Is i a composite number?
False
Let y(m) be the first derivative of -m**4/4 + m**3 - 15*m**2/2 + 27. Let v be y(8). Let k = 1497 - v. Is k prime?
False
Suppose -19*x - 6*x = 37*x - 3809342. Is x a composite number?
False
Suppose 0 = -2*m + 2*t + 13 + 29, -3*t = -2*m + 37. Suppose 21*h + 63565 = m*h. Is h a composite number?
False
Suppose -2*l - 3*s + 1146305 - 310597 = 0, 4*l + 5*s - 1671422 = 0. Is l composite?
False
Let q(m) = -8*m - 3. Let y be q(-4). Suppose 0 = -5*r + 3*k + y, -3*r = 2*r - k - 33. Suppose 0 = o + 2*f - r - 2, 5*o + 5*f - 70 = 0. Is o a composite number?
False
Let z(a) = 2*a**2 - 11*a + 14. Let r be z(4). Suppose -h = -f - 2, 20 = r*f + 2*h + 2*h. Let v(y) = 12*y**3 - 3*y**2 + 2*y + 1. Is v(f) a composite number?
False
Suppose 4710736 + 1211309 = 135*u. Is u a composite number?
False
Suppose -17*d + 141750 = -20*d. Is 2 + -1 + (d/(-7))/9 a composite number?
False
Suppose v + 45741 + 105366 = 12*v. Suppose -4*b = -20, 2*b = -4*q - b + 43. Suppose v = q*t - 5212. Is t composite?
False
Let n = 43 + -2. Suppose r = n - 39. Suppose g + 2386 = r*m, -2*m + 6*m = -3*g + 4792. Is m prime?
False
Suppose -5*d = m - 171079, 4*m - 35*d + 40*d = 684346. Is m composite?
True
Suppose -3*r + 16 = t, 4*r = 43*t - 41*t + 8. Let g = -31 + 70. Suppose -3*d = t*s - g, -2*d - 1 + 3 = 0. Is s a composite number?
True
Let t(c) = 34*c - 200. Let l be t(7). Suppose -79546 = -l*j + 100992. Is j composite?
False
Let w be -1 + -13 + (-40)/10. Let v be 27/w - 15/(-2). Is (-2 - (-2)/4)*(-632)/v a prime number?
False
Let h = 225097